2*m = -l. Calculate the highest common factor of b and 2.
2
Suppose u + 100 = 4*o, 2*o + 8*u - 3*u = 28. Suppose 277*h - 303*h = -2184. Calculate the greatest common factor of h and o.
12
Suppose 16*m = 166 + 1322. What is the highest common divisor of 6 and m?
3
Suppose -g - 2*g + 12 = 0. Let v be (-12*(-6 - -7))/(-1). Calculate the highest common factor of v and g.
4
Suppose 23*w = -6*w + 1392. What is the highest common divisor of 12 and w?
12
Suppose -2*s - 2*s - 4*h = -4, 4 = -4*h. Let l(g) = -11*g**s - g + 2 + 2*g + 12*g**2. Let c be l(0). What is the greatest common divisor of 4 and c?
2
Let n be -1 + 0 + 11 + -7. Suppose 0 = 4*t - 6 - 6. Calculate the greatest common factor of t and n.
3
Let c(o) = o**3 + 16*o**2 + 6*o - 9. Let i be c(-9). Calculate the highest common divisor of i and 441.
63
Suppose x - 4*k = 2*x - 20, -8 = x - 3*k. Let h be (12/(-14))/(58/(-14) + x). Let j = 8 - 6. What is the highest common factor of j and h?
2
Let w = 33 + -27. Let h be (-8)/w*54/(-4). What is the greatest common divisor of 18 and h?
18
Suppose -7*c - 115 = -4*z - 4*c, z - 50 = 5*c. What is the highest common factor of 675 and z?
25
Let a(o) be the second derivative of o**4/12 + 5*o**3/6 + 7*o**2 + 4*o. Let n be a(-7). Suppose 4*w = 12 + n. Calculate the highest common factor of w and 2.
2
Let h = 21 - 15. Suppose -h*k + 13*k = 140. Suppose 0 = -4*l - 5*x + 65, l = 2*x + 2*x + 32. What is the greatest common factor of l and k?
20
Let j be -54*(3 - 78/9). What is the highest common divisor of j and 18?
18
Let j = -8666 + 8680. Let b be (-118 - 1)*(-6 - -4). What is the highest common divisor of b and j?
14
Suppose -3*f = -2*g - 194, -3*f - g - 53 = -244. What is the highest common factor of f and 8?
8
Suppose 9*v - 200 - 16 = 0. Let i(l) = -4*l - 8. Let x be 3/(3/12*-2). Let t be i(x). Calculate the highest common factor of v and t.
8
Suppose 7*f + 253 = 50. Let l be f/(-3) - ((-20)/6 - -4). What is the greatest common factor of 99 and l?
9
Let r(f) = f**2 - 9*f - 8. Let s be r(10). Let d be s - (525/(-14) + (-2)/4). Calculate the greatest common factor of d and 16.
8
Let o(g) = -6*g**2 - g + 8. Let p(v) = 5*v**2 + 2*v - 7. Let x(a) = 4*o(a) + 5*p(a). Let q be x(-7). What is the greatest common factor of 4 and q?
4
Let s(d) = -14*d + 25. Let b be (-3)/((-12)/(-100))*2/5. Let q be s(b). What is the highest common factor of 33 and q?
33
Suppose o = -t + 28, 5*o = -t + 6*t - 150. Let a = t + -21. Let z be ((-44)/a)/(1/(-2)). Calculate the greatest common factor of z and 99.
11
Let d(u) = u**3 - 45*u**2 + 52*u - 267. Let k be d(44). Suppose -68 = -n - 3*n. Calculate the greatest common divisor of k and n.
17
Suppose -28*x + 1922 = 3*x. What is the highest common divisor of 217 and x?
31
Let b = -83 - -63. Let d = b - -40. Calculate the greatest common factor of d and 20.
20
Suppose -50 = -4*x + 10. Suppose -3*j + x = -0*j - 3*y, j + y = -1. Suppose j*m = -0*m + 6. Calculate the highest common divisor of 27 and m.
3
Suppose 476 = 4*q + u, -2*q + 4*u + 0*u + 256 = 0. What is the greatest common factor of q and 225?
15
Let m(x) = 2*x**2 + 2*x - 2. Let k be m(1). Let a(l) = -1 - 4*l**k + 9 - 12*l - 7 + 3*l**2. Let u be a(-9). What is the highest common factor of 4 and u?
4
Let y = -27 + 24. Let i be 122 + (0 - (y + 1)). Suppose 68 = 2*z + 4*m, -z - 5*m = 3*z - i. Calculate the highest common factor of z and 130.
26
Let f(k) = k**2 + 8*k - 2. Suppose -8 + 2 = u + w, -3*u = 5*w + 12. Let q = u - 1. Let n be f(q). Calculate the greatest common factor of 72 and n.
18
Suppose -3*t + 76 + 6 = -5*s, -t + s = -24. Let n be (-2)/4*t*-2. What is the greatest common divisor of n and 76?
19
Suppose -5*y = 5*x - 3680, 2*x - 6*x + y = -2949. Calculate the highest common divisor of x and 11.
11
Let g(j) = -j**2 - 10*j + 3. Let w be g(-4). What is the greatest common divisor of w and 81?
27
Let c = -313 + 537. What is the highest common divisor of c and 7?
7
Let j = 63 - 13. Suppose -j*g + 47*g = -75. What is the greatest common factor of 275 and g?
25
Let h(u) = -2*u**2 - 28*u + 14. Let p be h(-12). Let z = 79 - p. Calculate the highest common factor of z and 51.
17
Let f be 45*(0 + 7 + 1). Suppose 256 = 4*m - f. Calculate the greatest common factor of m and 22.
22
Let n = -35 + 19. Let i be (24/n)/(1/(-2)). Suppose 3*c = -2*k + 19, -4 = -3*c + k - 0. Calculate the highest common factor of i and c.
3
Let o(g) = g**3 - 19*g**2 - 22*g + 45. Let j be o(20). What is the greatest common divisor of j and 115?
5
Let k(w) = 4*w + 21. Let h be k(5). Suppose 2*i + 9 = h. Calculate the greatest common factor of i and 24.
8
Let x(s) = -4*s**2 - 8*s. Let h(z) = 28*z**2 + 56*z. Let t(g) = 3*h(g) + 20*x(g). Let a be t(6). Calculate the greatest common factor of 24 and a.
24
Suppose -416*p + 420*p - 3*k - 510 = 0, -3*p + 2*k + 384 = 0. Let g = 57 + -24. What is the greatest common divisor of p and g?
33
Suppose -42 = -2*i - i. Suppose -4*j + t = i, 0 = 3*t - 6 - 0. Let w be ((-4)/j)/2*15. What is the highest common divisor of w and 2?
2
Let t be (-4)/14 + (-254)/(-7). Suppose -18 = -45*m + 42*m. Calculate the highest common factor of m and t.
6
Let q = -2874 + 3021. Calculate the highest common factor of 196 and q.
49
Let b(k) = -k**2 + 6*k + 132. Let o be b(13). What is the highest common factor of o and 287?
41
Let q(z) = 2*z**2 - 6*z - 2. Let b be q(3). Let u be 18/b*12/(-9). Calculate the greatest common factor of 84 and u.
12
Let x(h) = 14*h + 276. Let g be x(-10). Let d = 0 - 0. Suppose -j + 5*j - 68 = d. Calculate the highest common factor of g and j.
17
Suppose 12 = 6*c - 2*c. Suppose c*d - 20 + 8 = 0. Calculate the highest common factor of d and 4.
4
Let l be 9/(-11 + 2740/248). What is the greatest common divisor of 310 and l?
62
Let c be 25/15 + 1 - 2/(-6). Suppose -2*s - i + 28 = 0, -s + 20 = -4*i + c*i. Calculate the highest common divisor of s and 4.
4
Suppose -2*p = -3*p + 190. Let x be p/6 - (-7)/21. Suppose 2*t - 38 = -4*y, 3*t = y - 2*y + x. What is the highest common divisor of 9 and t?
9
Let w(d) = 5*d**2 - 4*d + 3. Let n be w(3). Suppose -2*l - 2 = 0, 5*k - 2*k - 3*l = 39. What is the highest common factor of n and k?
12
Suppose 3565 - 26115 = -22*m. Calculate the highest common factor of 41 and m.
41
Let i(k) = k**3 - 15*k**2 + 13*k + 17. Let c be i(14). Suppose -c*h = 4*m - 31, 3*m - m = -5*h + 61. Calculate the highest common factor of 13 and h.
13
Suppose 2*g - 121 = 5*f, g - f = -g + 101. Let n = g - 30. What is the greatest common factor of n and 2?
2
Let k = -282 + 742. What is the greatest common factor of 50 and k?
10
Suppose -2*d = -6, 31 = 5*v - 3*v + 5*d. Suppose -3*u + v*u = 25. Suppose -5*a + 5*t + 35 = 0, 0 + 11 = a - u*t. What is the greatest common divisor of 6 and a?
6
Let s be 15/9 - 3/(-9). Suppose -s*v + 15 = -9. Suppose -x - 3*x = -v. What is the highest common factor of 15 and x?
3
Let o(f) = 56*f - 458. Let d be o(17). What is the greatest common factor of 104 and d?
26
Suppose 5*c = -11 + 76. Let q = -24 + 37. What is the highest common divisor of q and c?
13
Let n be -5 - 526/(-3 - -1). Calculate the highest common divisor of 43 and n.
43
Let w be (-54)/3*18/(-4). Suppose -30*h + 238 + 32 = 0. What is the highest common factor of w and h?
9
Suppose -8 - 28 = -2*u. Let r = -207 + 482. Let b = r - 113. Calculate the highest common divisor of b and u.
18
Let j = -856 + 1086. What is the highest common factor of j and 30?
10
Suppose -153 = -0*p - 17*p. What is the highest common factor of p and 27?
9
Suppose 50 = -0*h + 5*h - 5*u, 4*u = 5*h - 50. Let d be 6/h - (-114)/10. Let o be (-27 + 0)*(-4)/6. What is the greatest common factor of d and o?
6
Suppose -2*h + c = -4*h + 37, 5*h = 4*c + 112. Suppose -18*y = -4*i - 20*y + 120, 90 = 3*i - y. Calculate the greatest common divisor of h and i.
10
Suppose -q + 56 = 2*f, -4*q - 3*f = -4*f - 242. What is the highest common divisor of q and 156?
12
Let m = 113 - 53. Let v be (-14)/(-4 + 3) + -4. Calculate the highest common divisor of m and v.
10
Suppose 3*p = -v + 165, -4*v + 6*p + 505 = -173. Suppose 2*n - 2 = 40. Calculate the greatest common factor of v and n.
21
Let a(x) = x - 2. Let j be a(6). Suppose -2*b + j*f + 568 = 3*b, -3*f = -5*b + 566. What is the highest common divisor of 16 and b?
1